{"id":902,"date":"2019-09-19T17:30:54","date_gmt":"2019-09-19T15:30:54","guid":{"rendered":"http:\/\/www.conniefauver.ch\/?page_id=902"},"modified":"2023-07-26T01:50:19","modified_gmt":"2023-07-25T23:50:19","slug":"kontakt","status":"publish","type":"page","link":"https:\/\/www.conniefauver.ch\/?page_id=902","title":{"rendered":"Kontakt"},"content":{"rendered":"\n<p>Sie m\u00f6chten noch mehr \u00fcber mich wissen oder mir eine R\u00fcckmeldung geben?<\/p>\n\n\n\n<p>Nehmen Sie mit mir <strong>Kontakt<\/strong> auf, ich freue mich: conniefauver(at)gmail.com<br> <br><strong>Achtung<\/strong>: connie.fauver(at)grueneaargau.ch ist nicht mehr in Betrieb.<\/p>\n\n\n\n<p><\/p>\n\n\n\n<p><\/p>\n\n\n\n<p><\/p>\n","protected":false},"excerpt":{"rendered":"<p>Sie m\u00f6chten noch mehr \u00fcber mich wissen oder mir eine R\u00fcckmeldung geben? Nehmen Sie mit mir Kontakt auf, ich freue mich: conniefauver(at)gmail.com Achtung: connie.fauver(at)grueneaargau.ch ist nicht mehr in Betrieb.<\/p>\n","protected":false},"author":1,"featured_media":900,"parent":0,"menu_order":0,"comment_status":"closed","ping_status":"closed","template":"","meta":{"footnotes":""},"class_list":["post-902","page","type-page","status-publish","has-post-thumbnail","hentry"],"_links":{"self":[{"href":"https:\/\/www.conniefauver.ch\/index.php?rest_route=\/wp\/v2\/pages\/902","targetHints":{"allow":["GET"]}}],"collection":[{"href":"https:\/\/www.conniefauver.ch\/index.php?rest_route=\/wp\/v2\/pages"}],"about":[{"href":"https:\/\/www.conniefauver.ch\/index.php?rest_route=\/wp\/v2\/types\/page"}],"author":[{"embeddable":true,"href":"https:\/\/www.conniefauver.ch\/index.php?rest_route=\/wp\/v2\/users\/1"}],"replies":[{"embeddable":true,"href":"https:\/\/www.conniefauver.ch\/index.php?rest_route=%2Fwp%2Fv2%2Fcomments&post=902"}],"version-history":[{"count":4,"href":"https:\/\/www.conniefauver.ch\/index.php?rest_route=\/wp\/v2\/pages\/902\/revisions"}],"predecessor-version":[{"id":934,"href":"https:\/\/www.conniefauver.ch\/index.php?rest_route=\/wp\/v2\/pages\/902\/revisions\/934"}],"wp:featuredmedia":[{"embeddable":true,"href":"https:\/\/www.conniefauver.ch\/index.php?rest_route=\/wp\/v2\/media\/900"}],"wp:attachment":[{"href":"https:\/\/www.conniefauver.ch\/index.php?rest_route=%2Fwp%2Fv2%2Fmedia&parent=902"}],"curies":[{"name":"wp","href":"https:\/\/api.w.org\/{rel}","templated":true}]}}