{"id":217,"date":"2011-09-09T01:55:08","date_gmt":"2011-09-08T23:55:08","guid":{"rendered":"http:\/\/fauver-web\/conniefauver\/?page_id=217"},"modified":"2023-07-26T02:12:50","modified_gmt":"2023-07-26T00:12:50","slug":"zur-person","status":"publish","type":"page","link":"https:\/\/www.conniefauver.ch\/?page_id=217","title":{"rendered":"Lebenslauf"},"content":{"rendered":"<p><a href=\"http:\/\/www.conniefauver.ch\/wp-content\/uploads\/2011\/09\/CF_Lebenslauf_gr\u00fcn_pink_GROSS.jpg\"><img loading=\"lazy\" decoding=\"async\" class=\"alignnone size-full wp-image-763\" src=\"http:\/\/www.conniefauver.ch\/wp-content\/uploads\/2011\/09\/CF_Lebenslauf_gr\u00fcn_pink_GROSS.jpg\" alt=\"cf_lebenslauf_grun_pink_gross\" width=\"1238\" height=\"504\" srcset=\"https:\/\/www.conniefauver.ch\/wp-content\/uploads\/2011\/09\/CF_Lebenslauf_gr\u00fcn_pink_GROSS.jpg 1238w, https:\/\/www.conniefauver.ch\/wp-content\/uploads\/2011\/09\/CF_Lebenslauf_gr\u00fcn_pink_GROSS-300x122.jpg 300w, https:\/\/www.conniefauver.ch\/wp-content\/uploads\/2011\/09\/CF_Lebenslauf_gr\u00fcn_pink_GROSS-1024x417.jpg 1024w\" sizes=\"auto, (max-width: 1238px) 100vw, 1238px\" \/><\/a><a href=\"http:\/\/www.conniefauver.ch\/wp-content\/uploads\/2011\/09\/Lebenslauf.jpg\"><br \/>\n<\/a>1971: \u00a0 \u00a0 \u00a0 \u00a0 \u00a0 \u00a0 \u00a0Geboren am 21. September in Wettingen als \u00e4lteste Tochter zweier Turnlehrpersonen<\/p>\n<p>1978 &#8211; 1986: Primar- und Bezirksschule in Baden<\/p>\n<p>1986 &#8211; 1987: Zwischenjahr mit der ganzen Familie in N\u00edjar, Spanien mit Schulabschluss 1ero de BUP<\/p>\n<p>1988 &#8211; 1993: Maturit\u00e4t Typus D Kantonsschule Wettingen mit Austauschjahr in Uppsala, Schweden<\/p>\n<p>1993 &#8211; 1997: Studium Sport, Englisch und Spanisch an der Universit\u00e9 de Lausanne; Mitarbeit in der Physio Griesser, Renens<\/p>\n<p>1997 &#8211; 1998: Weltreise mit Arbeitsaufenthalten in Nepal, Thailand, Australien und den USA<\/p>\n<p>1998 &#8211; 1999: Diplom Englischlehrerin an Bezirksschulen am Didaktikum in Aarau<\/p>\n<p>1998 &#8211; 2001: Mitarbeit im Sales und Marketing Team von Equator Expeditions in Nepal. Aufbau der Niederlassung in Sun Valley. Dazwischen Stellvertretungen an diversen Schulen im Kanton Aargau<\/p>\n<p>2001 &#8211; 2006: Englisch- Sport- und Klassenlehrerin, Bezirksschule Turgi mit Ausbildung zur Praxislehrperson und Begleitung von Studierenden<\/p>\n<p>2001-2002: PR- und Marketinggrundlagen, SPRI, Z\u00fcrich<\/p>\n<p>2005 &#8211; 2014: Studium Kommunikations- und Medienwissenschaften, Anglistik und Geschichte an der Universit\u00e4t Z\u00fcrich<\/p>\n<p>2006 &#8211; 2008: Projektleiterin in einer PR- und Marketing-Agentur in Z\u00fcrich<\/p>\n<p>2007: Schreibwerkstatt f\u00fcr Kommunikationsprofis, Z\u00fcrich<\/p>\n<p>2008 &#8211; 2010: Verantwortliche MarKom der Tanzcompagnie Flamencos en route und DAS TanzKultur, Projekt- und Kulturmanagement, Uni Bern<\/p>\n<p>2010-2012: Englischlehrerin an einer Z\u00fcrcher Volksschule<\/p>\n<p>2011 &#8211; 2021: Eigene Kommunikations- und Marketingagentur fauver<em>COMMUNICATIONS<\/em><\/p>\n<p>2012 &#8211; 2021: Erziehungsr\u00e4tin Departement BKS, Kanton Aargau, Pr\u00e4sidium Maturit\u00e4tspr\u00fcfungskommission<\/p>\n<p>2016-2018: Ausbildung zur Yogalehrerin und Weiterbildungen in Anatomie und Psychologie, seither w\u00f6chentliche Lektionen und Betreuung von Sportler:innen als Mentalcoach<\/p>\n<p>Ab 2021: Schulleiterin Mittelstufe, Schule Obersiggenthal<\/p>\n","protected":false},"excerpt":{"rendered":"<p>1971: \u00a0 \u00a0 \u00a0 \u00a0 \u00a0 \u00a0 \u00a0Geboren am 21. September in Wettingen als \u00e4lteste Tochter zweier Turnlehrpersonen 1978 &#8211; 1986: Primar- und Bezirksschule in Baden 1986 &#8211; 1987: Zwischenjahr mit der ganzen Familie in N\u00edjar, Spanien mit Schulabschluss 1ero &hellip; <a href=\"https:\/\/www.conniefauver.ch\/?page_id=217\">Continue reading <span class=\"meta-nav\">&rarr;<\/span><\/a><\/p>\n","protected":false},"author":1,"featured_media":824,"parent":0,"menu_order":0,"comment_status":"open","ping_status":"open","template":"onecolumn-page.php","meta":{"footnotes":""},"class_list":["post-217","page","type-page","status-publish","has-post-thumbnail","hentry"],"_links":{"self":[{"href":"https:\/\/www.conniefauver.ch\/index.php?rest_route=\/wp\/v2\/pages\/217","targetHints":{"allow":["GET"]}}],"collection":[{"href":"https:\/\/www.conniefauver.ch\/index.php?rest_route=\/wp\/v2\/pages"}],"about":[{"href":"https:\/\/www.conniefauver.ch\/index.php?rest_route=\/wp\/v2\/types\/page"}],"author":[{"embeddable":true,"href":"https:\/\/www.conniefauver.ch\/index.php?rest_route=\/wp\/v2\/users\/1"}],"replies":[{"embeddable":true,"href":"https:\/\/www.conniefauver.ch\/index.php?rest_route=%2Fwp%2Fv2%2Fcomments&post=217"}],"version-history":[{"count":33,"href":"https:\/\/www.conniefauver.ch\/index.php?rest_route=\/wp\/v2\/pages\/217\/revisions"}],"predecessor-version":[{"id":938,"href":"https:\/\/www.conniefauver.ch\/index.php?rest_route=\/wp\/v2\/pages\/217\/revisions\/938"}],"wp:featuredmedia":[{"embeddable":true,"href":"https:\/\/www.conniefauver.ch\/index.php?rest_route=\/wp\/v2\/media\/824"}],"wp:attachment":[{"href":"https:\/\/www.conniefauver.ch\/index.php?rest_route=%2Fwp%2Fv2%2Fmedia&parent=217"}],"curies":[{"name":"wp","href":"https:\/\/api.w.org\/{rel}","templated":true}]}}